 of v(9)?
3
Let q = 2590 - 1349. Suppose -4*z + 989 = -3*a, 5*z + 5*a - 4*a - q = 0. What is the hundreds digit of z?
2
What is the units digit of -2*-2*(-5575)/(-20)?
5
Suppose 11*n = 20*n - 7866. What is the units digit of n?
4
Let o(g) = g**3 - 10*g**2 + 6*g + 29. Let w be o(9). Suppose -3*k + 52 = 2*k + 2*b, -w*k + 18 = -2*b. What is the tens digit of k?
1
Let x(j) = j**2 - 4*j - 4. Let y be x(5). Suppose 0 = 3*d - 58 + y. Suppose -14 + 7 = -w + r, -d = -3*w + r. What is the units digit of w?
6
Let w(d) = -2*d**3 + 2*d**2 - 4*d - 5. Let z be 1*((-2)/4 + 10/(-20)). What is the units digit of w(z)?
3
Suppose 1602 = 6*j - 690. What is the hundreds digit of j?
3
Let g(s) = -s**3 + 20*s**2 + 24*s - 34. What is the hundreds digit of g(10)?
2
What is the units digit of (-1147)/(-5) - 3*(-7)/35?
0
Suppose -2275 = -60*l - 5*l. What is the tens digit of l?
3
Let l be 36/9 + (0 - 0). Suppose -5*i + l*i = -6. Suppose 3*b - i*b + 18 = 0. What is the units digit of b?
6
Suppose -5*v = 5*u - 5860, u + 2413 = -4*v + 7113. What is the hundreds digit of -3 - v/(-9) - 1/(-3)?
1
Suppose 0 = r - 8 + 4. Let m(c) = 17*c - 22. What is the units digit of m(r)?
6
Let c(h) be the second derivative of 5*h**3/6 - 4*h**2 + 40*h. What is the units digit of c(9)?
7
Let q be ((-7)/(-14))/(6/(-4))*0. Suppose q = -2*t + 1 + 137. What is the units digit of t?
9
Let r = 17 + -20. Let m(o) = -o**2 - 5*o - 2. Let i be m(r). Suppose -10*c + i*c = -246. What is the units digit of c?
1
Let i be (0 - 0)*3/6. Suppose 2*d + 16 = -3*b - i*d, b + 11 = 5*d. Let t(c) = -4*c + 3. What is the tens digit of t(b)?
2
Let a be (2 + -1)*(-6 + 49). Let l = 1 + a. What is the tens digit of l?
4
Suppose -2 = 2*d + 10. Let t = 1002 - 1005. What is the tens digit of (t + (-21)/d)*96?
4
Let b(l) = 2*l - 6*l + 2*l - 3*l - 2. Let w(k) = -9*k + 40. Let h be w(6). What is the units digit of b(h)?
8
Suppose -6 - 3 = -3*q. Suppose 0 = q*h - 4 - 14. Suppose 0 = h*b - b - 5. What is the units digit of b?
1
Let w be (-4 - (-13)/3)*0. Suppose w = -6*l + 10*l - 116. What is the tens digit of l?
2
Let s(v) = -56*v**2 - 1. Let x(w) = 140*w**2 + 2. Let q(o) = 12*s(o) + 5*x(o). Let t be q(2). Suppose -f = f - t. What is the tens digit of f?
5
Let t be 254 - (5 - (-12)/(-4)). Suppose f + t + 196 = 5*k, -84 = -k + 3*f. What is the tens digit of k?
9
Let r be (5/1 + 1)/2. What is the units digit of (-1 - r - -288) + 0/3?
4
Let z(p) = -3*p + 4. Let t be z(0). Let q(m) = 61*m - 3. Let l be q(3). Suppose 0 = -3*c - 4*k + l, 167 = t*c + 5*k - 74. What is the units digit of c?
4
Let w(m) = 0*m + 4*m - 2*m + 1. Let j be (-576)/(-80) + 1/(-5). What is the units digit of w(j)?
5
Let y(x) = -x**3 + x**2 - x + 1. Let d(q) = 8*q**3 + 2*q - 5. Let r(m) = -d(m) - 3*y(m). What is the hundreds digit of r(-4)?
2
Let v = -52 + 58. What is the units digit of (-1 - (-368)/v) + 7/(-21)?
0
Suppose 1121 = 3*q - 2695. What is the hundreds digit of q?
2
Let k = -4646 - -8284. What is the hundreds digit of k?
6
Let k(u) be the third derivative of -1/60*u**5 + 1/40*u**6 + 0*u - 1/12*u**4 + 5*u**2 + 0 + 1/6*u**3. What is the tens digit of k(2)?
1
Let z = 1413 - 870. Suppose 4*n - z = 317. What is the tens digit of n?
1
Suppose -3*n = -5*q + 22 - 6, 40 = -3*n - q. Let o be 4*(15/n - -2). Suppose -o*v - 30 = -8*v. What is the units digit of v?
6
Let a = 1 + 8. Suppose -6*d - a = -7*d. Suppose -d*q + 4*q = -60. What is the tens digit of q?
1
Suppose -3*i + 12 = -2*i. What is the tens digit of i/(-27)*-3*729/6?
6
Let k = 29 - 14. Let m = k - 11. Let t = 16 + m. What is the units digit of t?
0
Let p be (-3)/6 + 7/2. Let x = 43 + -38. Suppose 5*r = -p*h + 86 + 254, -x*r - 2*h + 335 = 0. What is the tens digit of r?
6
Suppose 3*h - 2*h - 31 = 0. Let u = 93 + -113. Let o = h + u. What is the tens digit of o?
1
Suppose 5*l = 78 - 273. Let i = -21 - l. Suppose 4*g = g + i. What is the units digit of g?
6
Let f = -7 - -4. Let u be (192/(-9))/2*f. Suppose -q - q + u = 0. What is the tens digit of q?
1
Let z(o) = o**2 + 6*o + 1. Let c(x) = 2*x**2 + 5*x. Let l(k) = -2*c(k) + 3*z(k). What is the units digit of l(7)?
0
Let l = 476 + -425. What is the units digit of l?
1
Suppose 3*g + 5*h = 674, -4*h + 1446 - 550 = 4*g. What is the hundreds digit of g?
2
Suppose 0 = -4*y - x + 4*x + 62, 0 = -4*y - 4*x + 48. Let j = y - -12. What is the units digit of j?
6
Let p(c) = 8*c**3 - 20*c**2 + 147*c - 1. What is the units digit of p(8)?
1
Let v = 1130 + -505. Suppose -s + 162 = -2*b, 4*s - b = -12 + v. What is the units digit of s?
2
Let p(z) = -112*z - 252. What is the thousands digit of p(-18)?
1
What is the tens digit of 1/((-8)/60)*846/(-9)?
0
Let f = -23 - 0. Let c = 38 + f. What is the tens digit of 576/c - (-2)/(-5)?
3
Let y(n) = 7 - 2*n**3 + 12*n**2 + 3*n + 3*n**3 + 5*n. Suppose -35 - 9 = 4*x. What is the tens digit of y(x)?
4
Suppose 0 = 3*x - 7 + 13. What is the tens digit of ((-7)/2 - x)/(3/(-128))?
6
Suppose -q + 4*m = 7, -4*q + 5*m + 10 = q. What is the tens digit of -1 - -208 - (q - 3)?
0
Suppose -2*g = -4*n - 40, -2*n - 20 = -4*g - 6*n. What is the tens digit of (-2)/(g/1275*-3)?
8
Suppose -4 = -3*s + 32. Let v(k) = -5*k + 10 - s + 2*k + 5. What is the units digit of v(-5)?
8
Let i be -4*124/32*-2. Suppose -25*h = -i*h + 768. What is the units digit of h?
8
Let t = 136 - 136. Suppose 2*d + 246 = m + 674, -4*m = t. What is the tens digit of d?
1
Suppose 3342 = 5*k - l - 8742, -4*k - l + 9660 = 0. What is the units digit of k?
6
Let b(y) be the third derivative of y**5/30 + y**4/24 - 3*y**3/2 + 2*y**2. What is the units digit of b(-8)?
1
Let q = -30 - -26. What is the tens digit of q + (-297)/(-6)*2?
9
Let i(p) = -p**2 + 11*p - 5. Suppose 2*u + 5 = 2*x - 5, 5*u = 25. Let y be i(x). Suppose -y*r + 214 = 14. What is the tens digit of r?
4
Suppose -2*b + 1995 = -5*w, 3*b + 33*w = 35*w + 3020. What is the hundreds digit of b?
0
Suppose 0 = 4*z + x + 39, 0*z - 2*z - 4*x = 30. What is the tens digit of ((-162)/(-9))/(z/(-6))?
1
Let a(q) = -q**3 - 5*q**2 + 2*q + 12. Let n be a(-5). What is the units digit of -2*(-2 - 39/n)?
3
Let o(p) = p**3 - 3*p**2 - 7*p + 11. Let f = 126 + -118. What is the tens digit of o(f)?
7
Suppose -3*b - 15 = 0, -7*d + 10 = -2*d + b. Let y(x) = -x**2 + 3*x + 1. Let h be y(d). What is the tens digit of -21*(h - 0)/(-1)?
2
Let d = 29 - 26. Suppose 4*h - 5*h = -d. Suppose m - h = -1, -3*x + m = -97. What is the units digit of x?
3
Let t(h) = h**2 - 11*h - 22. Let a be t(13). Suppose 0 = a*r - 9*r + 595. What is the units digit of r?
9
Let h be 3*(-62)/(-10)*5. Suppose -h = 3*d + 12. Let k = d + 73. What is the tens digit of k?
3
What is the tens digit of 2/(-14) + (-222456)/(-168)?
2
What is the hundreds digit of 4/(-18) + (-16692)/(-27)?
6
What is the tens digit of 87122/26 - 74/(-481)?
5
Let t(j) = 2*j**2 + 2*j - 27. Let v be t(5). Let x = 105 + v. What is the units digit of x?
8
Suppose 5*g - 6 - 4 = 0. Suppose 0 = -4*z + 4*v + 140, 108 = g*z + z - 2*v. What is the units digit of z?
8
Let w(i) = 10*i - 5*i + 6*i - 10. What is the units digit of w(9)?
9
Let p(n) = -3*n + 4. Let v be p(1). Suppose -3*d - o = -32 + v, -4*d - 2*o + 44 = 0. What is the units digit of d?
9
Let o(d) = -d - 4. Let j be o(-8). Suppose j*b = 2*b - 32. Let m = b + 20. What is the units digit of m?
4
Suppose -g - 3*z + 48 = 0, -3*g + 7*g - z - 192 = 0. Suppose 0 = 2*s + 2*b + 3*b - 131, s - g = b. What is the tens digit of s?
5
What is the hundreds digit of (-2*1/3)/((-12)/31698)?
7
Let c be -2*1*200/80. Suppose 0 = -3*a - 2*a + 235. Let o = c + a. What is the units digit of o?
2
Let o = 1152 + 1574. What is the hundreds digit of o?
7
Suppose -2*k + 960 = -7*k. What is the units digit of (-11736)/k - 1/8?
1
Let j be -5*(4/35 - (-6)/21). Let u = j - -38. What is the tens digit of u?
3
Let j(p) = -p**3 + 14*p**2 + 28*p + 57. What is the units digit of j(14)?
9
Let r = -4437 - -7532. What is the units digit of r?
5
Let g(u) = -4*u + 0*u - 5*u + 5*u + 6*u**2. Let h be g(-5). Suppose 4*m = 10 + h. What is the units digit of m?
5
Let g(u) = 871*u**2 + 10*u + 7. What is the hundreds digit of g(-2)?
4
Let o(a) = a - 8. Let w be o(10). Let q be (w/(-3))/(3/9). What is the units digit of (-52)/65*55/q?
2
Let s(v) = v**2 - 8*v - 3. Suppose 4*k - r + 4 = 37, 4*k = -r + 39. 